{"id":526,"date":"2019-04-06T16:59:12","date_gmt":"2019-04-06T19:59:12","guid":{"rendered":"http:\/\/brasconta.com.br\/site\/?page_id=526"},"modified":"2019-04-16T21:57:07","modified_gmt":"2019-04-17T00:57:07","slug":"responsabilidade-social","status":"publish","type":"page","link":"https:\/\/brasconta.com.br\/site\/responsabilidade-social\/","title":{"rendered":"Responsabilidade Social"},"content":{"rendered":"\t\t<div data-elementor-type=\"wp-post\" data-elementor-id=\"526\" class=\"elementor elementor-526\">\n\t\t\t\t\t\t<section class=\"elementor-section elementor-top-section elementor-element elementor-element-5636139 elementor-section-boxed elementor-section-height-default elementor-section-height-default\" data-id=\"5636139\" data-element_type=\"section\" data-e-type=\"section\">\n\t\t\t\t\t\t<div class=\"elementor-container elementor-column-gap-default\">\n\t\t\t\t\t<div class=\"elementor-column elementor-col-100 elementor-top-column elementor-element elementor-element-14ed1c1\" data-id=\"14ed1c1\" data-element_type=\"column\" data-e-type=\"column\">\n\t\t\t<div class=\"elementor-widget-wrap elementor-element-populated\">\n\t\t\t\t\t\t<div class=\"elementor-element elementor-element-1ee3aeb elementor-widget elementor-widget-text-editor\" data-id=\"1ee3aeb\" data-element_type=\"widget\" data-e-type=\"widget\" data-widget_type=\"text-editor.default\">\n\t\t\t\t<div class=\"elementor-widget-container\">\n\t\t\t\t\t\t\t\t\t<h3 style=\"text-align: center;\"><span style=\"color: #000000;\"><strong>Compromisso com o Desenvolvimento Social<\/strong><\/span><\/h3><p style=\"text-align: center;\"><span style=\"color: #000000;\">Apoiamos institui\u00e7\u00f5es que contribuem para a evolu\u00e7\u00e3o da sociedade<\/span><\/p><p style=\"text-align: center;\"><span style=\"color: #000000;\">\u00a0<\/span><\/p><blockquote><p style=\"text-align: justify;\"><span style=\"color: #000000;\">A Responsabilidade Social \u00e9 uma forma de conduzir os neg\u00f3cios da empresa de tal maneira que a torne parceira e co-respons\u00e1vel pelo desenvolvimento social. A empresa socialmente respons\u00e1vel \u00e9 aquela que possui a capacidade de ouvir os interesses das diferentes partes da sociedade e consegue incorpor\u00e1-los no planejamento de suas atividades. A Responsabilidade Social foca a cadeia de neg\u00f3cios da empresa e engloba preocupa\u00e7\u00f5es com um p\u00fablico maior (s\u00f3cios, funcion\u00e1rios, prestadores de servi\u00e7o, fornecedores, clientes, comunidade, governo e meio-ambiente). A \u00c9tica \u00e9 a base da Responsabilidade Social e se expressa atrav\u00e9s dos princ\u00edpios e valores adotados pela organiza\u00e7\u00e3o. N\u00e3o h\u00e1 Responsabilidade Social sem \u00e9tica nos neg\u00f3cios. \u00c9 importante seguir uma linha de coer\u00eancia entre a\u00e7\u00e3o e discurso.<\/span><\/p><\/blockquote>\t\t\t\t\t\t\t\t<\/div>\n\t\t\t\t<\/div>\n\t\t\t\t\t<\/div>\n\t\t<\/div>\n\t\t\t\t\t<\/div>\n\t\t<\/section>\n\t\t\t\t<section class=\"elementor-section elementor-top-section elementor-element elementor-element-68efb4e elementor-section-boxed elementor-section-height-default elementor-section-height-default\" data-id=\"68efb4e\" data-element_type=\"section\" data-e-type=\"section\">\n\t\t\t\t\t\t<div class=\"elementor-container elementor-column-gap-default\">\n\t\t\t\t\t<div class=\"elementor-column elementor-col-100 elementor-top-column elementor-element elementor-element-38c5279\" data-id=\"38c5279\" data-element_type=\"column\" data-e-type=\"column\">\n\t\t\t<div class=\"elementor-widget-wrap elementor-element-populated\">\n\t\t\t\t\t\t<div class=\"elementor-element elementor-element-19bdee9 elementor-widget elementor-widget-text-editor\" data-id=\"19bdee9\" data-element_type=\"widget\" data-e-type=\"widget\" data-widget_type=\"text-editor.default\">\n\t\t\t\t<div class=\"elementor-widget-container\">\n\t\t\t\t\t\t\t\t\t<p><span style=\"color: #000000;\"><strong>Projeto em Desenvolvimento:<\/strong><\/span><\/p>\t\t\t\t\t\t\t\t<\/div>\n\t\t\t\t<\/div>\n\t\t\t\t\t<\/div>\n\t\t<\/div>\n\t\t\t\t\t<\/div>\n\t\t<\/section>\n\t\t\t\t<section class=\"elementor-section elementor-top-section elementor-element elementor-element-92ebbf9 elementor-section-boxed elementor-section-height-default elementor-section-height-default\" data-id=\"92ebbf9\" data-element_type=\"section\" data-e-type=\"section\">\n\t\t\t\t\t\t<div class=\"elementor-container elementor-column-gap-default\">\n\t\t\t\t\t<div class=\"elementor-column elementor-col-100 elementor-top-column elementor-element elementor-element-681b816\" data-id=\"681b816\" data-element_type=\"column\" data-e-type=\"column\">\n\t\t\t<div class=\"elementor-widget-wrap elementor-element-populated\">\n\t\t\t\t\t\t<div class=\"elementor-element elementor-element-1c5374f elementor-widget elementor-widget-image\" data-id=\"1c5374f\" data-element_type=\"widget\" data-e-type=\"widget\" data-widget_type=\"image.default\">\n\t\t\t\t<div class=\"elementor-widget-container\">\n\t\t\t\t\t\t\t\t\t\t\t\t\t\t\t\t<a href=\"http:\/\/www.espaconovavida.org\" target=\"_blank\">\n\t\t\t\t\t\t\t<img decoding=\"async\" width=\"232\" height=\"108\" src=\"https:\/\/brasconta.com.br\/site\/wp-content\/uploads\/2019\/04\/logo-novavida.png\" class=\"attachment-medium size-medium wp-image-692\" alt=\"\" \/>\t\t\t\t\t\t\t\t<\/a>\n\t\t\t\t\t\t\t\t\t\t\t\t\t\t\t<\/div>\n\t\t\t\t<\/div>\n\t\t\t\t<div class=\"elementor-element elementor-element-f29d841 elementor-widget elementor-widget-text-editor\" data-id=\"f29d841\" data-element_type=\"widget\" data-e-type=\"widget\" data-widget_type=\"text-editor.default\">\n\t\t\t\t<div class=\"elementor-widget-container\">\n\t\t\t\t\t\t\t\t\t<p style=\"text-align: center;\"><strong><span style=\"color: #000000;\"><a style=\"color: #000000;\" href=\"http:\/\/www.espaconovavida.org\" target=\"_blank\" rel=\"noopener\">www.espaconovavida.org<\/a><\/span><\/strong><\/p>\t\t\t\t\t\t\t\t<\/div>\n\t\t\t\t<\/div>\n\t\t\t\t\t<\/div>\n\t\t<\/div>\n\t\t\t\t\t<\/div>\n\t\t<\/section>\n\t\t\t\t<section class=\"elementor-section elementor-top-section elementor-element elementor-element-5b0fec1 elementor-section-boxed elementor-section-height-default elementor-section-height-default\" data-id=\"5b0fec1\" data-element_type=\"section\" data-e-type=\"section\">\n\t\t\t\t\t\t<div class=\"elementor-container elementor-column-gap-default\">\n\t\t\t\t\t<div class=\"elementor-column elementor-col-100 elementor-top-column elementor-element elementor-element-84660a1\" data-id=\"84660a1\" data-element_type=\"column\" data-e-type=\"column\">\n\t\t\t<div class=\"elementor-widget-wrap elementor-element-populated\">\n\t\t\t\t\t\t<div class=\"elementor-element elementor-element-cf5f1c2 elementor-widget elementor-widget-text-editor\" data-id=\"cf5f1c2\" data-element_type=\"widget\" data-e-type=\"widget\" data-widget_type=\"text-editor.default\">\n\t\t\t\t<div class=\"elementor-widget-container\">\n\t\t\t\t\t\t\t\t\t<p style=\"text-align: justify;\"><span style=\"color: #000000;\">A BrasConta apoia institui\u00e7\u00f5es e projetos de cunho social.<\/span><\/p><p style=\"text-align: justify;\"><span style=\"color: #000000;\">Acreditamos no poder transformador das iniciativas sociais e nos mobilizamos para colaborar com projetos que fazem a diferen\u00e7a onde atuam.<\/span><\/p>\t\t\t\t\t\t\t\t<\/div>\n\t\t\t\t<\/div>\n\t\t\t\t\t<\/div>\n\t\t<\/div>\n\t\t\t\t\t<\/div>\n\t\t<\/section>\n\t\t\t\t<\/div>\n\t\t","protected":false},"excerpt":{"rendered":"<p>Compromisso com o Desenvolvimento Social Apoiamos institui\u00e7\u00f5es que contribuem para a evolu\u00e7\u00e3o da sociedade \u00a0 A Responsabilidade Social \u00e9 uma<\/p>\n","protected":false},"author":1,"featured_media":715,"parent":0,"menu_order":0,"comment_status":"closed","ping_status":"closed","template":"","meta":{"colormag_page_container_layout":"default_layout","colormag_page_sidebar_layout":"default_layout","footnotes":""},"class_list":["post-526","page","type-page","status-publish","has-post-thumbnail","hentry"],"_links":{"self":[{"href":"https:\/\/brasconta.com.br\/site\/wp-json\/wp\/v2\/pages\/526","targetHints":{"allow":["GET"]}}],"collection":[{"href":"https:\/\/brasconta.com.br\/site\/wp-json\/wp\/v2\/pages"}],"about":[{"href":"https:\/\/brasconta.com.br\/site\/wp-json\/wp\/v2\/types\/page"}],"author":[{"embeddable":true,"href":"https:\/\/brasconta.com.br\/site\/wp-json\/wp\/v2\/users\/1"}],"replies":[{"embeddable":true,"href":"https:\/\/brasconta.com.br\/site\/wp-json\/wp\/v2\/comments?post=526"}],"version-history":[{"count":17,"href":"https:\/\/brasconta.com.br\/site\/wp-json\/wp\/v2\/pages\/526\/revisions"}],"predecessor-version":[{"id":773,"href":"https:\/\/brasconta.com.br\/site\/wp-json\/wp\/v2\/pages\/526\/revisions\/773"}],"wp:featuredmedia":[{"embeddable":true,"href":"https:\/\/brasconta.com.br\/site\/wp-json\/wp\/v2\/media\/715"}],"wp:attachment":[{"href":"https:\/\/brasconta.com.br\/site\/wp-json\/wp\/v2\/media?parent=526"}],"curies":[{"name":"wp","href":"https:\/\/api.w.org\/{rel}","templated":true}]}}